.
-9
Let f(y) = y**3 + 28*y**2 - 56*y + 1764. Calculate f(-31).
617
Let l(s) = -113*s**2 + 1823*s - 1. Determine l(16).
239
Let c(z) = 40*z**3 + 12*z**2 + 11*z - 3. Determine c(-3).
-1008
Let s(l) = -l**2 + 990*l - 231563. What is s(379)?
6
Let y(n) = -2*n**2 - 614*n + 53669. Determine y(71).
-7
Let w(j) = 887*j - 17827. Calculate w(20).
-87
Let u(n) = -495*n**3 - 993*n**2 + 7*n + 7. Determine u(-2).
-19
Let p(r) = r**3 - 6*r**2 - 363*r + 290. What is p(22)?
48
Let t(x) = -6*x**3 + 106*x**2 + 2668*x - 43. Determine t(-14).
-155
Let s(j) = -351*j - 29220. What is s(-84)?
264
Let o(i) = -2*i**3 + 5*i**2 + 93*i - 42. Determine o(-8).
558
Let c(k) = 1412*k + 8633. What is c(-6)?
161
Let r(j) = 513912*j + 3083466. Determine r(-6).
-6
Let n(z) = -502*z + 29362. Determine n(60).
-758
Let n(b) = -4*b**3 - 474*b**2 + 259*b + 2651. Calculate n(-119).
152
Let p(g) = 1907*g + 766263. What is p(-402)?
-351
Let y(b) = -108177*b + 432725. Determine y(4).
17
Let f(m) = -2*m**3 - 79*m**2 - 21*m - 38. Calculate f(-39).
-740
Let i(m) = -5048*m + 126203. Give i(25).
3
Let f(y) = y**3 - 30*y**2 - 170*y - 71. Determine f(-9).
-1700
Let m(l) = l**3 - 47*l**2 + 216*l - 217. What is m(42)?
35
Let f(z) = -2*z**3 + 7*z**2 + 171*z - 859. Calculate f(5).
-79
Let v(h) = -148469*h - 19004033. What is v(-128)?
-1
Let u(r) = -2*r**3 + 73*r**2 + 758*r + 316. Calculate u(45).
1
Let k(x) = -41744*x - 125223. Give k(-3).
9
Let a(i) = i**3 + 16*i**2 + 11362*i + 135762. Give a(-12).
-6
Let t(j) = -j**2 + 2389*j + 33639. What is t(-14)?
-3
Let z(j) = -j**2 + 4944*j + 34711. Give z(-7).
54
Let g(h) = -h**2 + 36227*h + 7. Determine g(0).
7
Let x(t) = t**2 + 100*t - 53190. Determine x(-286).
6
Let a(i) = 3*i**3 + 201*i**2 + 209*i + 127. Give a(-66).
-599
Let o(j) = 71270*j + 2850789. Calculate o(-40).
-11
Let y(j) = j**3 + 225*j**2 - 1121*j + 6701. Calculate y(-230).
31
Let m(f) = -5235*f - 15448. Calculate m(-3).
257
Let x(w) = w**3 - 20*w**2 + 507*w - 5757. Give x(11).
-1269
Let a(x) = 199*x**2 - 2602*x + 235. What is a(13)?
40
Let q(a) = -296*a + 26935. Determine q(90).
295
Let g(m) = -7*m**3 + 26*m**2 + 91*m + 9. Give g(-8).
4529
Let m(l) = -1442*l**2 - 11077*l + 11077. Determine m(1).
-1442
Let n(x) = 6*x**3 + 26*x**2 + 12*x + 28. Give n(-7).
-840
Let v(d) = -15*d**2 - 308*d - 132. What is v(-20)?
28
Let l(w) = -w**3 + 24*w**2 + 22*w - 2350. What is l(19)?
-127
Let z(m) = m**3 - 313*m**2 - 1783*m + 558089. What is z(313)?
10
Let v(n) = n**3 + 16*n**2 + 9*n + 1657. What is v(0)?
1657
Let i(a) = -19*a**2 + 197*a - 546. What is i(5)?
-36
Let j(z) = -10*z**3 - 93*z**2 + 184*z - 1. Give j(2).
-85
Let l(f) = -2*f**3 - 400*f**2 + 4643*f + 454. What is l(-211)?
243
Let s(a) = 2052*a + 3042. Give s(-2).
-1062
Let s(g) = 12*g**2 - 2803*g + 54909. Determine s(212).
1
Let j(f) = -10820*f + 9467520. Give j(875).
20
Let c(q) = 272*q**3 + 26*q**2 - 69*q + 43. What is c(1)?
272
Let s(c) = -c**2 - 109*c + 10367. What is s(-170)?
-3
Let h(d) = 547*d**2 + 145487*d - 3952. Give h(-266).
38
Let k(b) = 2*b**2 + 66*b + 316. What is k(-22)?
-168
Let w(t) = 86*t**3 - 4644*t**2 + 354*t - 19120. Calculate w(54).
-4
Let n(l) = 26*l**2 - 2587*l - 2955. Determine n(100).
-1655
Let r(w) = -4*w**2 + 634*w + 22245. Calculate r(-33).
-3033
Let j(w) = -136*w**2 + 2228*w - 1042. What is j(16)?
-210
Let b(j) = -j**3 + 133*j - 753. Determine b(6).
-171
Let i(m) = -m**3 - 7*m**2 - 9*m - 108. Determine i(-15).
1827
Let h(m) = -m**3 + 143*m**2 - 404*m + 17219. What is h(141)?
17
Let x(q) = -q**3 + 201*q**2 - 496*q + 206. Determine x(2).
10
Let o(k) = -3*k**3 - 27*k**2 - 154*k - 1006. What is o(-8)?
34
Let g(i) = 180031*i - 32225550. What is g(179)?
-1
Let o(n) = 1418*n**2 + 720*n - 1427. Calculate o(2).
5685
Let i(l) = 679*l**2 + 3199*l + 1935. Calculate i(-4).
3
Let b(i) = -3*i**3 + 12*i**2 - 26*i - 156. What is b(-5)?
649
Let b(u) = -3*u**3 - 34*u**2 + 51*u + 374. Give b(-12).
50
Let p(f) = 9*f**2 - 1986*f - 142449. Calculate p(-57).
-6
Let h(u) = u**3 - 3*u**2 - 6967*u + 13941. Determine h(2).
3
Let f(i) = i**3 + 166*i**2 + 2299*i + 5223. What is f(-151)?
89
Let j(n) = 87*n**2 - 4118*n + 27375. Determine j(8).
-1
Let h(z) = -863*z + 11004. Calculate h(13).
-215
Let w(l) = -9*l**3 + 262*l**2 - 17*l + 207. What is w(29)?
555
Let k(i) = -9445*i + 150443. Give k(16).
-677
Let h(w) = 47155*w + 424376. Give h(-9).
-19
Let d(x) = -282*x + 25338. Calculate d(93).
-888
Let d(g) = 2*g**3 - 2*g**2 + 26*g - 25. What is d(8)?
1079
Let r(v) = -4*v**3 - 20*v**2 - 29*v + 6. What is r(-5)?
151
Let z(t) = -t**2 - 20544*t - 102692. What is z(-5)?
3
Let v(z) = z**2 - 634*z - 76746. Give v(738).
6
Let s(d) = 6514*d - 84290. What is s(13)?
392
Let b(w) = -476*w - 58772. Determine b(-120).
-1652
Let s(r) = 77*r**2 + 15404*r + 852. What is s(-200)?
52
Let b(w) = w**3 + 22*w**2 + 22*w + 647. Calculate b(-21).
626
Let l(i) = 2455*i - 135364. Calculate l(55).
-339
Let s(a) = -134*a - 7653. Determine s(-60).
387
Let c(p) = -61*p**2 + 370*p + 24. Give c(5).
349
Let f(i) = i**3 - 432*i**2 + 2215*i - 270. What is f(5)?
130
Let o(f) = -2*f**3 + 16*f**2 - 22*f + 5. Calculate o(11).
-963
Let w(b) = -b**2 - 348*b - 342. What is w(-1)?
5
Let f(s) = s**3 - 11*s**2 - 31*s + 94. Give f(6).
-272
Let d(y) = 42096*y - 13007667. Determine d(309).
-3
Let x(v) = 6*v**3 - 1305*v**2 + 648*v + 721. Determine x(217).
70
Let d(h) = 3*h**2 - 976*h - 4935. Determine d(330).
-315
Let p(z) = -z**3 + 162*z**2 - 3856*z - 272. Determine p(133).
-139
Let a(l) = 4*l**3 - 568*l**2 - 5435*l - 79. What is a(-9)?
-88
Let q(r) = 14735*r - 90589. Calculate q(6).
-2179
Let x(g) = -8904*g - 26709. Determine x(-3).
3
Let a(h) = h**2 + 525*h + 1564. What is a(-3)?
-2
Let l(s) = 3318*s**2 - 43151*s + 247. Determine l(13).
26
Let o(z) = -38027*z - 152055. Give o(-4).
53
Let a(y) = y**3 - 23*y**2 - 2*y - 556. What is a(24)?
-28
Let y(n) = 2*n**2 - 28*n - 63. What is y(-16)?
897
Let t(n) = -n**3 - 44*n**2 - 476*n - 7950. What is t(-37)?
79
Let z(f) = -2375*f**2 + 425129*f - 720. What is z(179)?
-4
Let p(i) = i**2 - 814*i + 332. Determine p(0).
332
Let t(a) = 244586*a + 489046. Give t(-2).
-126
Let o(i) = 2*i**3 + 1387*i**2 + 7579*i + 7580. Calculate o(-688).
12
Let b(v) = -140*v**2 + 314*v - 319. Determine b(1).
-145
Let k(i) = -3632*i**2 + 116233*i - 35. What is k(32)?
253
Let f(u) = u**2 + 11575*u - 429689. Determine f(37).
-45
Let p(x) = -3*x**3 - 9*x**2 - 36*x + 30. Calculate p(-8).
1278
Let d(q) = -52*q**2 + 50*q - 23. Give d(1).
-25
Let k(z) = -6*z**2 - 1064*z - 3434. Calculate k(-174).
46
Let j(q) = -q**2 + 2008*q + 519686. Give j(-232).
6
Let s(b) = -b**2 - 59*b + 5457. Give s(-115).
-983
Let t(p) = -9*p**2 + 448*p - 9. Calculate t(47).
1166
Let l(t) = -8*t**2 - 642*t - 3770. Determine l(-78).
-2366
Let j(i) = -309*i + 7505. Determine j(23).
398
Let p(o) = -301*o + 3269. What is p(9)?
560
Let r(h) = -2*h**2 - 107*h - 5117. Give r(-41).
-4092
Let f(w) = 6*w**2 + 853*w - 11878. Calculate f(13).
225
Let a(x) = x**3 - 54*x**2 + 260*x + 1074. Give a(48).
-270
Let a(s) = -s**2 + 8545*s - 660509. Determine a(78).
-83
Let b(s) = 504*s + 12043. What is b(-24)?
-53
Let m(i) = 2*i**3 + 6*i**2 + 15*i - 1081. Calculate m(7).
4
Let i(g) = -g**3 + 21*g**2 + 14*g - 22. Give i(-2).
42
Let u(t) = -t**2 + 5294*t + 2357000. Give u(-413).
9
Let d(g) = 21186*g + 190598. Calculate d(-9).
-76
Let r(s) = -2*s**3 - 389*s**2 - 187*s + 1913. Calculate r(-194).
555
Let a(x) = -x**3 + 32*x**2 - 52*x - 431. Give a(29).
584
Let f(x) = -4*x**3 + 719*x**2 + 187*x - 1257. What is f(180)?
3
Let n(g) = 9*g**2 + 3258*g + 6. Determine n(0).
6
Let f(c) = 28*c**2 + 2476*c + 145. Determine f(-89).
1569
Let q(y) = y**3 - 80*y**2 + 1307*y - 1749. Determine q(58).
49
Let a(h) = h**3 + 11*h**2 - 532*h - 4727. Give a(-9).
223
Let b(i) = 56*i**2 + 184*i - 60. What is b(-5)?
420
Let p(h) = h**3 + 96*h**2 - 340*h - 14103. Determine p(-98).
9
Let z(o) = -1498577*o - 13487198. Determine z(-9).
-5
Let g(n) = 3*n**2 - 624*n + 19065. Calculate g(37).
84
Let c(q) = 111520*q + 892197. Give c(-8).
37
Let w(p) = -129*p**2 + 2714*p - 145. Calculate w(21).
-40
Let f(l) = -18212*l + 9597738. Determine f(527).
14
Let z(l) = -l**3 - 55*l**2 + 28*l + 7124. Calculate z(-53).
22
Let x(i) = -i**2 + 474*i - 31293. What is x(75)?
-1368
Let l(k) 